 common divisor of 15 and s?
5
Suppose 4*s - 60 = -0*s. What is the highest common divisor of 105 and s?
15
Suppose -14 = -2*x + 38. Let i(f) = f**3 + 6*f**2 - 9*f - 15. Let k be i(-6). Calculate the highest common factor of x and k.
13
Let z = -3 - -5. Let b be (-51)/(-6) + z/4. Calculate the greatest common factor of 63 and b.
9
Let m be (-252)/(-27)*(-9)/(-6). Let c be 6/((-3)/(-3 - 0)). Suppose -2*a + 30 = -4*p, -c = -5*a - 4*p + 13. What is the greatest common factor of a and m?
7
Let t = 1 - -4. Let p(d) = 3*d**3 - 4*d**2. Let a be p(3). Suppose 3*v - a - 120 = 0. Calculate the highest common factor of t and v.
5
Let p be (4/(-6))/((-2)/87). Let l = p - 15. What is the greatest common divisor of 2 and l?
2
Suppose 0 - 40 = -2*c. What is the highest common factor of c and 10?
10
Let n = 46 - 43. Suppose 0 = t - 3*c - 21, -4*c - 3 = 5. What is the highest common factor of t and n?
3
Let n = 17 - 5. Let h(c) be the second derivative of -c**5/20 - 5*c**3/6 + 4*c. Let t be h(-4). What is the greatest common factor of n and t?
12
Let b be 3114/90 + (1 - 6/10). Calculate the highest common divisor of b and 385.
35
Suppose 5*w - 31 = -16. Calculate the highest common divisor of w and 3.
3
Let d(z) = z**3 + 2*z**2 - 6*z - 3. Let o be d(-3). What is the greatest common factor of 30 and o?
6
Suppose 0 = -4*y - 4*s + 176, -90 = -2*y - 2*s - s. Let k be ((-2)/(-3))/(4/y). Suppose -r + 32 = -17. Calculate the greatest common divisor of k and r.
7
Suppose h + 4*a = 2*h - 8, -3*a - 11 = -2*h. Suppose -2*z + h = -2. What is the greatest common factor of 21 and z?
3
Let i be 2/(-7) + 410/14. Suppose s - 46 = -3*g, -3*s - 26 = -3*g + 16. Suppose i + g = 4*m. What is the greatest common divisor of m and 11?
11
Let u(m) = -2*m - 6. Let o be u(-11). Calculate the highest common factor of 48 and o.
16
Suppose 0*f + f = 18. Suppose -5*u + f = -4*g, -4*u = -6*u + 5*g - 3. Calculate the greatest common factor of 6 and u.
6
Let o(j) = -j + 4. Let x be o(7). Let l be 2/(((-6)/32)/x). Calculate the greatest common divisor of 16 and l.
16
Let m(d) = 4*d + 20. Let c be m(-4). What is the highest common divisor of c and 32?
4
Let r = -11 - -21. Calculate the highest common divisor of r and 2.
2
Suppose -2*b + 3*g + 52 = 0, 4*g - 120 = -5*b - 13. Calculate the highest common divisor of b and 253.
23
Suppose -3*q - 9 = 4*f, -2*q = -4*f - 0*f + 6. Let k be 25 + (f - (-1 + 2)). Calculate the greatest common divisor of k and 60.
12
Let m = -6 - 4. Let t be 48/10 + (-2)/m. Calculate the highest common factor of 25 and t.
5
Let h(x) = -10*x**2 + 1. Let s be h(-1). Let a = -6 - s. Suppose -a*w = -4*v - 18, 2*w - 2 = 5*v + 3. What is the highest common factor of w and 10?
10
Suppose -v - 2 + 7 = 0. Suppose v*c + 8 = 6*c. What is the greatest common factor of c and 72?
8
Suppose -3*g - 25 = -5*s, g - 5*g - 20 = -4*s. Suppose 10*v - 315 = s*v. Let q be (-2)/(2/18*-2). Calculate the greatest common divisor of v and q.
9
Suppose 3*t + 3 = -5*q, q + 4*t = -0*t - 4. Let y = 130 + q. Calculate the greatest common factor of 52 and y.
26
Let u(k) = k**3 - 8*k**2 + 8*k + 5. Let d be u(7). Suppose 0*z - d = -z. What is the highest common factor of 48 and z?
12
Let r be (-18)/(-4) - (-4)/8. Suppose r*g = -5*h - 10, 5*h + 2*g = -g - 14. Let c be 4 + -4 + 2 - h. Calculate the greatest common divisor of c and 12.
6
Suppose -4*p + 5*i + 10 + 11 = 0, 13 = 2*p - 5*i. Let f = -12 - -18. What is the greatest common factor of f and p?
2
Let y = 155 + -139. Calculate the greatest common divisor of 80 and y.
16
Suppose 0 = -2*h + 44 + 40. Suppose 38 = -3*u - 2*z, -2*u - 24 = -0*u + 2*z. Let l be ((-6)/4)/(1/u). What is the greatest common factor of l and h?
21
Suppose 5*s - s - 96 = 0. What is the greatest common divisor of 3 and s?
3
Let i(w) = w**3 + 11*w**2 - 2*w - 8. Let t be i(-11). What is the greatest common factor of t and 35?
7
Let c be (-153)/(-3) + (3 - 0). What is the greatest common divisor of c and 6?
6
Suppose 5*h - 32 = -a, 5*a - 2*h + 0*h = 214. Calculate the greatest common divisor of a and 462.
42
Let n(d) = -2*d**3 + 2*d**2 - 2*d - 6. Let p be n(-4). What is the greatest common factor of p and 18?
18
Let h be 11/(-9) + 2/9. Let u = -5 - h. Let i be (-2)/u + 191/2. Calculate the greatest common factor of i and 12.
12
Let a be 23 - 1 - (-6 + 6). Suppose 3*f = 62 + a. Suppose 0 = -5*n + 2 + f. Calculate the highest common factor of n and 12.
6
Let o(l) = l**3 + 9*l**2 + 12*l - 3. Let g be o(-3). Calculate the greatest common factor of 135 and g.
15
Let d(a) = a + 12. Let l be d(0). Suppose 4*h + 136 = 4*v, 5*v - v = -3*h + 150. What is the greatest common factor of v and l?
12
Suppose -3*h + 210 = 2*f, -2*f + f = 2*h - 141. Calculate the greatest common factor of h and 9.
9
Let w = 61 + -35. Calculate the highest common divisor of 13 and w.
13
Let v be -6 + 4 + 64 + (1 - 3). What is the highest common factor of 150 and v?
30
Let u = 66 + -35. Suppose -u = -4*h - 7. Suppose -3*z = -h*z + 21. What is the greatest common divisor of z and 63?
7
Let c be (-3)/(-6) - 3/(-6). Calculate the greatest common divisor of 2 and c.
1
Suppose 35 = 4*d + 11. Suppose -t - 4*s = -2*t - d, -4*t - 2*s = -12. Suppose -22 = -w + t*r, -r - 3 = -4*r. Calculate the highest common divisor of 12 and w.
12
Let y = -58 + 368. Suppose 3*m - y - 50 = 0. What is the greatest common divisor of m and 30?
30
Let p be (1 - -11) + -1 - 0. Let y be p - (2/2 - 2). Let t = -148 + 160. Calculate the highest common factor of y and t.
12
Let r(x) = -18*x**3 - 3*x**2 - x + 1. Let g = -25 - -23. Let p be r(g). What is the greatest common factor of 27 and p?
27
Let t = 95 + -92. What is the greatest common divisor of 2 and t?
1
Suppose -16 = -16*p + 12*p. Calculate the greatest common factor of 16 and p.
4
Suppose -295 = 3*q - 4*w, -432 = 5*q + 5*w + 83. Let s be (2 + 15/(-6))*58. Let h = s - q. What is the greatest common divisor of 9 and h?
9
Suppose -3*d + 6*z - z + 8 = 0, -d - 3*z + 12 = 0. Let m be 257/5 - d/15. Let t = 59 + -25. Calculate the greatest common factor of m and t.
17
Let k(t) = t**2 + t + 10. Let u = -17 - -6. Let w be k(u). Calculate the greatest common divisor of 48 and w.
24
Let a(w) = -w**3 - 15*w**2 - 14*w + 15. Let t be a(-14). Calculate the highest common factor of t and 10.
5
Let u(p) = -p**2 + p + 66. Let z be u(0). Let v be -2*(-6)/8*z. What is the highest common factor of 11 and v?
11
Let l be (-12)/(4/(-6) - 2/24). Suppose 4*q - 490 = 214. Calculate the highest common factor of q and l.
16
Suppose 0*l - l + 119 = 0. Calculate the highest common factor of l and 17.
17
Let y be (-8)/12 - (-172)/6. Let n be 3 + (-44)/16*-4. What is the highest common factor of n and y?
14
Let x = 88 + -78. Calculate the greatest common divisor of x and 90.
10
Let d be -3 + 3 + 0 + 154. What is the greatest common factor of 22 and d?
22
Suppose -5*j = l - 220, 10*j - 245 = 5*j + 4*l. Suppose -2*u = -5*u + j. Calculate the greatest common divisor of 15 and u.
15
Let q = 51 + -9. Let t be (1 - 1)/(-2 + 1). Suppose q = -t*o + 2*o. Calculate the highest common divisor of 7 and o.
7
Suppose -5*x + 355 = -0*x. Let h be 3 + (4 - 6) - -48. Let f = x - h. What is the highest common factor of 242 and f?
22
Suppose -4*p + 120 = -3*p. Let t(w) = -w**3 - 10*w**2 - 8*w + 21. Let v be t(-9). What is the highest common factor of v and p?
12
Let f = 8 + 4. Let v = 14 - f. Calculate the greatest common factor of 14 and v.
2
Let w be (0 + (-4)/(-6))*3. Suppose -w*l - 4 = -6*l, 2*g = 4*l - 2. Calculate the highest common factor of 7 and g.
1
Let h = 4 + 2. Let o = h - -2. Calculate the greatest common divisor of o and 72.
8
Let o = 289 + -14. Calculate the highest common divisor of o and 25.
25
Let p(y) = y**3 + 8*y - 11 + 2 - 8 + 12*y**2 + 3. Let c be p(-11). What is the greatest common factor of 152 and c?
19
Suppose 5*u - 200 - 330 = 0. Suppose -4*h + u = k, 17 = k - 5*h - 53. Let p = -62 + k. Calculate the greatest common divisor of p and 70.
14
Suppose -5*m = -7*m + 8. Let i(w) = 4 - m - w - 5 + 3*w. Let j be i(5). What is the greatest common factor of j and 45?
5
Let c = -24 - -37. Calculate the highest common factor of 1 and c.
1
Let j = -57 - -50. Let s = 20 - 9. Let g = s + j. What is the greatest common divisor of g and 36?